 What is f(-7)?
451
Let p(g) = 2372*g + 4438. Give p(-2).
-306
Let a(j) = -5710*j + 35564. What is a(6)?
1304
Let n(c) = -c**3 - 56*c**2 - 907*c - 4099. Calculate n(-31).
-7
Let n(u) = u**3 - 20*u**2 + 387*u - 8661. What is n(21)?
-93
Let m(d) = 2*d**2 - 5078*d + 55616. Calculate m(11).
0
Let n(t) = 10*t**3 - 807*t**2 - 284*t + 3300. What is n(81)?
-21
Let w(o) = -8*o**2 - 1071*o - 759. What is w(-133)?
172
Let y(q) = 179*q - 269. Give y(-10).
-2059
Let a(c) = -c**2 + 229*c - 13107. What is a(109)?
-27
Let t(j) = -j**3 - 7*j**2 - 149*j + 486. Calculate t(3).
-51
Let i(u) = -26*u - 2524. Give i(-52).
-1172
Let d(k) = 63*k**2 + 71*k + 133. Calculate d(-2).
243
Let x(p) = -3*p**3 + 99*p**2 - 311*p - 163. Give x(29).
910
Let r(u) = -134*u**2 - 47471*u - 12372. Determine r(-354).
18
Let s(i) = -i**2 + 48780*i - 706. Calculate s(0).
-706
Let t(b) = 6*b**2 - 3504*b + 99732. Give t(30).
12
Let d(i) = 8675*i + 364343. What is d(-42)?
-7
Let d(p) = -p**2 + 3353*p + 40383. Give d(-12).
3
Let o(h) = -3752*h + 1200524. Give o(320).
-116
Let u(i) = 1213*i**2 + 11917*i + 3. Give u(-10).
2133
Let k(p) = p**3 - 13*p**2 + 3987*p - 43613. Give k(11).
2
Let v(q) = 2087*q**3 + q**2 + 47*q - 47. Determine v(1).
2088
Let l(g) = -26093*g - 1069939. Calculate l(-41).
-126
Let v(j) = -2*j**3 + 78*j**2 + 1903*j + 21. What is v(56)?
-35
Let h(f) = -8*f**3 - 5*f**2 + 5*f + 42. Give h(3).
-204
Let m(s) = 16*s**2 - 285*s + 233. What is m(17)?
12
Let o(p) = -p**3 + 4146*p**2 - 337221*p - 668. What is o(83)?
-4
Let y(t) = -2*t**2 - 377*t - 377. What is y(-188)?
-189
Let w(c) = c**3 + 4*c**2 - 134*c + 35. Give w(11).
376
Let r(k) = 4*k**2 - 6027*k + 130671. What is r(22)?
13
Let f(x) = -x**2 + 3684*x + 2987710. Give f(-684).
-2
Let d(y) = 339*y + 96984. Calculate d(-286).
30
Let q(z) = 2*z**3 + 482*z**2 - 67*z - 16181. Give q(-241).
-34
Let o(m) = m**2 + 857*m + 857. What is o(-1)?
1
Let g(w) = -5208*w + 828106. Calculate g(159).
34
Let c(m) = -6082*m - 614298. What is c(-101)?
-16
Let x(y) = 8*y**2 + 1304*y - 10. Give x(-163).
-10
Let j(w) = w**2 + 14738*w + 382510. Give j(-26).
-2
Let j(y) = 2235*y + 58269. What is j(-26)?
159
Let x(k) = 23*k**2 + 1110*k + 5514. What is x(-5)?
539
Let m(b) = -2*b**2 + 786*b - 29479. Give m(351).
5
Let f(k) = 2181*k - 279120. Give f(128).
48
Let y(n) = n**3 + 10*n**2 - 1502*n - 223. What is y(-44)?
41
Let a(q) = q**2 - 74*q - 3788. What is a(-54)?
3124
Let c(p) = -3333*p**2 - 89989*p + 35. Calculate c(-27).
-19
Let o(d) = d**3 - 10*d**2 + 39*d - 166. Calculate o(8).
18
Let j(c) = -675*c + 320. Calculate j(1).
-355
Let d(f) = -5783*f**2 - 202383*f + 763. Determine d(-35).
-7
Let f(s) = 4*s**2 + 14*s - 1962. Give f(29).
1808
Let w(v) = 117254*v - 12663431. Calculate w(108).
1
Let b(c) = -192*c - 43578. Give b(-227).
6
Let h(v) = -v**3 - 37*v**2 - 303*v + 18. Determine h(-16).
-510
Let u(l) = 3*l**2 + 41515*l + 6. Give u(0).
6
Let y(g) = 6*g**3 + 9*g**2 - 18*g + 9. Determine y(4).
465
Let k(t) = 2*t**3 + 24*t**2 + 88*t - 209. Determine k(-10).
-689
Let q(u) = u**3 + 2331*u**2 + 7029*u + 137. Give q(-3).
2
Let q(o) = -48*o**2 + 550*o + 407. Determine q(0).
407
Let l(r) = -19*r**2 - 3312*r + 16581. Determine l(5).
-454
Let w(o) = o**3 + 46*o**2 - 2336*o - 17462. What is w(35)?
3
Let d(c) = c**3 + 5*c**2 + 135*c + 357. What is d(-3)?
-30
Let r(v) = -10*v**2 + 7191*v - 29448. Give r(715).
-133
Let z(m) = -224*m**2 - 1545*m + 733. What is z(-7)?
572
Let d(a) = 588114*a - 6469269. Determine d(11).
-15
Let t(o) = 70*o + 3488. Give t(-52).
-152
Let s(g) = g**3 + 34*g**2 + 300*g + 11712. Determine s(-35).
-13
Let l(s) = 60478*s - 17961973. What is l(297)?
-7
Let o(w) = 12*w**2 - 839*w + 6501. Determine o(61).
-26
Let c(z) = -332*z - 537. What is c(-5)?
1123
Let s(o) = -1384*o + 643565. What is s(465)?
5
Let c(a) = -52*a**3 + 5*a**2 + 30*a - 97. Determine c(3).
-1366
Let l(n) = 1652*n - 7588. What is l(4)?
-980
Let a(z) = -28809*z + 1814983. Give a(63).
16
Let d(f) = 9115*f - 1276134. What is d(140)?
-34
Let o(f) = -5*f**3 - 14*f**2 + 7*f + 73. What is o(-7)?
1053
Let p(m) = -m**2 - 2800*m - 8336. Calculate p(-3).
55
Let y(m) = -106*m + 3972. Give y(38).
-56
Let m(u) = 2*u**3 + 589*u**2 - 298*u - 1147. What is m(-295)?
-262
Let i(o) = -728*o - 196976. Give i(-270).
-416
Let l(k) = -2*k**3 - 12*k**2 - 149*k - 850. Give l(-7).
291
Let d(m) = 3*m**3 - 18*m**2 + 45*m + 218. What is d(-8)?
-2830
Let t(q) = -7*q**3 - 85*q**2 + 2836*q + 34178. Give t(-12).
2
Let t(o) = 10940*o + 9791289. Determine t(-895).
-11
Let j(f) = -3*f**3 - 132*f**2 + 11*f + 313. What is j(-44)?
-171
Let r(k) = 238*k**2 + 7377*k + 3. Calculate r(-31).
34
Let l(o) = 14*o**2 + 272*o + 2414. Calculate l(-9).
1100
Let b(j) = 366*j + 104493. Determine b(-286).
-183
Let s(j) = 9*j**2 - 177*j + 216. Determine s(24).
1152
Let l(b) = -48*b**2 + 49*b + 287. Determine l(-5).
-1158
Let m(f) = 11*f**3 + 366*f**2 + 445*f - 99. What is m(-32)?
-3
Let u(o) = -1949*o**3 + 40935*o**2 - 128*o + 49. Give u(21).
7
Let s(x) = 599*x**2 + 90453*x + 605. Give s(-151).
1
Let t(l) = 918309*l + 1836621. Give t(-2).
3
Let w(h) = 52*h**3 + h**2 + 22*h - 22. Give w(1).
53
Let m(c) = -1564*c**3 - 691*c**2 - 702*c - 11. Determine m(-1).
1564
Let g(o) = -69*o**3 - 7*o**2 - 450*o - 1344. Determine g(-3).
1806
Let t(r) = r**3 + 52*r**2 + 284*r + 9275. Give t(-50).
75
Let h(c) = c**2 + 509*c + 41478. What is h(-105)?
-942
Let u(c) = -5*c**2 - 6451*c - 25782. Calculate u(-4).
-58
Let s(x) = -x**3 + 166*x**2 + 2125*x + 1961. Determine s(178).
3
Let q(f) = f**3 + 164*f**2 + 5377*f - 108826. Give q(-97).
8
Let u(q) = 333*q + 19668. Give u(-59).
21
Let f(r) = -6371*r + 63678. Calculate f(10).
-32
Let m(x) = x**3 + 24*x**2 + 1888*x + 55991. Give m(-28).
-9
Let n(q) = -5*q**3 + 2279*q**2 + 2550*q - 954866. Determine n(456).
-2
Let b(r) = -36*r**2 - 177*r - 207. Give b(-5).
-222
Let q(x) = 2*x**2 + 382*x + 7103. What is q(-21)?
-37
Let k(b) = -b**2 - 49*b + 3131. Calculate k(48).
-1525
Let z(i) = 169244*i + 6600489. What is z(-39)?
-27
Let z(n) = -42*n**2 - 915*n + 198. What is z(-22)?
0
Let n(v) = -2*v**3 - 1000*v**2 - 1088*v - 44968. Give n(-499).
-58
Let n(v) = -23051*v - 1567473. Determine n(-68).
-5
Let b(f) = -f**2 - 10806*f - 10808. Give b(-1).
-3
Let r(c) = 16*c**3 + 36*c**2 - 137*c - 284. Give r(-2).
6
Let l(t) = 1559*t - 8028. Give l(5).
-233
Let t(l) = 884*l + 28283. What is t(-32)?
-5
Let t(d) = 4*d**3 + 78*d**2 + 204*d - 27. Determine t(-18).
-1755
Let b(v) = 8374*v - 527567. What is b(63)?
-5
Let u(p) = 1017*p**2 + 5023*p - 2. What is u(-5)?
308
Let j(h) = -9940*h - 59714. Calculate j(-6).
-74
Let s(g) = -57180*g + 571845. Give s(10).
45
Let x(k) = -184*k + 1780. Give x(9).
124
Let x(l) = -64*l - 57. Determine x(5).
-377
Let l(m) = 263*m**2 - 35246*m - 13. Give l(134).
-549
Let a(w) = -w**3 - 35*w**2 - 5560*w - 270455. Determine a(-45).
-5
Let x(n) = -7*n**3 - 4640*n**2 - 3972*n + 2. Determine x(-662).
2
Let b(v) = 294*v + 5370. What is b(-18)?
78
Let g(n) = 10270*n - 51379. What is g(5)?
-29
Let i(q) = -13851*q**2 + 83103*q + 8. What is i(6)?
-10
Let k(g) = 3423*g - 451846. Calculate k(132).
-10
Let r(n) = 19*n**2 - 543*n - 177. Give r(28).
-485
Let g(a) = -a**3 - 25*a**2 + 1296*a + 359. Determine g(26).
-421
Let g(x) = x**2 + 217173*x + 1303015. What is g(-6)?
13
Let v(c) = 36185*c + 253269. What is v(-7)?
-26
Let g(m) = -m**3 + 91*m**2 - 39*m + 3614. Give g(91).
65
Let w(m) = -2*m**3 - 116*m**2 + 3*m - 500. Determine w(-58).
-674
Let m(q) = 17742*q - 105964. Give m(6).
488
Let b(a) = a**2 + 1542*a - 76214. Determine b(48).
106
Let d(l) = -382*l + 8037. Calculate d(21).
15
Let g(f) = -10663*f - 564908. What is g(-53)?
231
Let v(u) = -3635484*u - 18177421. Give v(-5).
-1
Let r(a) = -a**3 + 32*a**2 - 260*a + 644. Determine r(21).
35
Let w(g) = 2*g**3 + 97*g**2 - 36*g + 561. What is w(-49)?
-76
Let u(w) = -83*w**2 - 172*w - 5. Determine u(-2).
7
Let w(s) = -s**3 - 35*s**2 - 373*s - 1209. Determine w(-18).
-3
Let s(a) = a**3 + 37*a**2 - 1864*a + 85. What is s(28)?
-1147
Let c(t) = -1002*t - 25149. Determine c(-25).
-99
Let h(t) = 323*t**3 - 22609*t**2 - 70*t - 103. Determine h(70).
-103
Let d(w) = -w**2 + 310*w - 18567. Determine d(89).
1102
Let k(i) = 515275*i + 1030546. What is k(-2)?
-4
Let s(a) = -12*a**2 + 468*